ate j(o).
5
Let z(y) = 2*y**3 - y**2 - 1. Let q(b) = -11*b**3 + 5*b**2 + 6. Let j = -37 + 45. Suppose 66 = j*k - 19*k. Let s(a) = k*z(a) - q(a). Determine s(2).
-4
Let f(y) be the third derivative of y**5/60 + y**4/2 + 5*y**3/3 - 244*y**2 - 5. Give f(-10).
-10
Let y be 21/3 - (-1 + 1). Let w(l) be the first derivative of -l**3/3 + 3*l**2 + 5*l + 3180. What is w(y)?
-2
Let j(m) = -2*m + 1. Let r(h) be the first derivative of 40 + 1/3*h**3 + h - 10*h**2. Let t be r(20). Calculate j(t).
-1
Let b(v) = -8*v - 56. Suppose 3*a + 29 = c, -5*a - 35 = -6*c + 7*c. Calculate b(a).
8
Let h(l) be the second derivative of 0*l**3 - 33*l - 1/2*l**2 + 0 - 1/12*l**4. Give h(0).
-1
Let r(t) be the second derivative of t**6/120 + t**5/15 - t**4/24 - 2*t**3/3 - 293*t**2/2 + 3*t - 2. Let o(c) be the first derivative of r(c). Determine o(-3).
8
Let l(j) = 298*j**2 - 143*j**2 + 4*j - 150*j**2. Give l(-1).
1
Let v(n) = 12*n - 11. Let z(y) = -22*y + 28. Let r(q) = 7*v(q) + 4*z(q). Give r(15).
-25
Suppose -14*x - 163 + 23 = 0. Let n = 22 + x. Let l(h) = h**3 - 13*h**2 + 13*h - 9. What is l(n)?
3
Let d be (-1)/(-3)*(1 - (-6 - -7)). Suppose -h + 19 + 2 = d. Suppose -4*r - 5*l = h, 2*r + 5*l = 6*r + 11. Let a(y) = y**3 + 5*y**2 + 4*y - 4. Calculate a(r).
-4
Let q(n) = 3*n**3 + n - 1. Suppose -4*g = -41 + 1. Suppose 0 = 5*c - g - 10. Suppose c + 5 = -3*x, 3*s + x = 0. What is q(s)?
3
Let u(t) = -10*t**2 + 15*t + 50. Let l(d) = -23*d**2 + 30*d + 105. Let g(b) = -3*l(b) + 7*u(b). What is g(-2)?
1
Let r be 6/(-24) + 19/(-4). Let j(u) be the second derivative of u**2 - 1/6*u**3 + 13*u + 0. Give j(r).
7
Suppose -23 = -k + 4*v, 339*v - 341*v = -2*k + 22. Let l(o) = -o - 1. Determine l(k).
-8
Let j(d) = 44*d**2 - 4*d - 4. Suppose -7 = 5*g - 2*f, -3*g - 10*f + 8*f - 1 = 0. Calculate j(g).
44
Let i(c) = 35*c**2 - 27*c**2 + 2*c + 0*c + 5 + 2*c - 5*c. Let u(r) = -6*r**2 + r - 4. Let y(s) = -4*i(s) - 5*u(s). Calculate y(1).
-3
Let k(p) = 5*p**3 + 9*p - 68. Let d(r) = 7*r**3 + 8*r - 52. Let f(m) = -4*d(m) + 3*k(m). Give f(2).
-110
Let f be (-630)/80 - -2 - 2/16. Let q(b) = -11*b - 65. Determine q(f).
1
Let o(g) = 2*g**2 + 4*g - 1. Let u(l) = -5*l**2 + 8*l - 37. Let f(t) = -3*o(t) - u(t). Calculate f(-22).
-4
Let v(p) be the third derivative of p**5/60 + p**4/3 - 4*p**3/3 + 1187*p**2. Suppose -4*d + x - 42 = -9*d, -5*d = 4*x - 48. Let w = d + -16. What is v(w)?
-8
Suppose g + 160 = -34*m + 30*m, 0 = 2*m + 3*g + 80. Let t = m + 27. Let i(b) = -b**3 - 14*b**2 - 13*b - 8. Determine i(t).
-8
Let p(u) = u**3 - u**2 + 6*u. Let m be p(4). Let l(s) = -19*s**2 + 2*s - 24*s**2 - 4 - 23*s**2 - s**3 + m*s**2. Calculate l(6).
8
Suppose -25 = -5*i - 5*t, 0 = 3*i + t - 3*t - 5. Suppose 5 = i*j + 8. Let c be -3*(-1 + (-1 - j))/1. Let v(m) = -m**2 + m. What is v(c)?
-6
Let q(o) = o**3 - 8*o**2 + 4*o + 6. Let n be q(6). Let f be 2/((-7)/(n/4)). Let g(a) = -f*a**2 + a - 29 + 29. Calculate g(-1).
-4
Let p(h) = 3*h - 4. Suppose 3*r - k - 5 - 4 = 0, 5*r - 23 = -k. Suppose -67 = -r*j + 25. Suppose -5*y + 2*o = -j, 4*y = -2*o - 2*o + 24. What is p(y)?
11
Let r(i) = i + 24. Let v be (890/(-60) + 2/(-12))*7/3. Calculate r(v).
-11
Let t(b) be the third derivative of b**5/30 + b**4/24 - 2*b**3/3 + 1848*b**2 + b. Give t(-2).
2
Let i(z) = 37*z - 50. Let v(j) = 13*j - 17. Let c(w) = -6*i(w) + 17*v(w). Let h = -202 - -213. Calculate c(h).
0
Let i(p) be the first derivative of -p**5/60 - p**4/2 - 13*p**3/6 + 128*p**2 - 261. Let d(o) be the second derivative of i(o). Give d(-12).
-13
Let r(m) = -m**2 - 2*m + 7. Let o(f) = f**2 - 56*f - 1332. Let h be o(74). Give r(h).
7
Let n(w) = -51 + 7576896*w - 31 - 7576856*w - 594. Give n(17).
4
Let x(k) = -k**2 - 8*k + 14. Let g be x(-10). Let i(w) = w**2 + 9*w - 2. Let s(h) = 7 - 3*h**2 - 5*h - 35*h + 14*h. Let y(c) = -8*i(c) - 3*s(c). Determine y(g).
-5
Let k(a) = a**2 - 2*a + 1. Suppose 0 = 9*i - 0*i - 540. Suppose -166 = -2*z - 2*j + i, z - 101 = -5*j. Let t = z - 115. Determine k(t).
0
Let j(z) be the first derivative of -z**4/4 - 16*z**3/3 - 9*z**2/2 + 9*z + 3952. Give j(-15).
-81
Let b(m) = m**3 - 18*m**2 - 63*m + 3. Suppose 51*y + 168*y - 3570 = 49*y. What is b(y)?
3
Let d(p) = p**3 - 8*p**2 - p + 11. Suppose w = -0 + 1. Let x be (-4)/(-12)*3 + w. Suppose 4 = h - x*n - 14, -2*h + 5*n + 41 = 0. What is d(h)?
3
Suppose o - 5*t + 26 = -t, -5*o - 61 = 3*t. Let a = o + 18. Let j(s) = -5*s + 2 - 4*s + s**2 - a + 7. Determine j(9).
5
Suppose 0 = 9*q + 33*q - 84. Let c(b) = 0 + 3665*b**q - 4*b - 3664*b**2 - 3. Calculate c(4).
-3
Let o(l) = 124*l - 227*l - 88 + 111*l. Determine o(10).
-8
Suppose -4*k - a - 1805 = 0, k = -0*k + 3*a - 435. Let s = 460 + k. Let o(n) = -n + 18. Calculate o(s).
8
Let o(s) = s**2 - 7*s + 11. Suppose -3 = -7*a + 6*a + 4*y, -4*a = -y + 3. Let k(r) = -6*r - 1. Let u be k(a). What is o(u)?
1
Let q(g) be the second derivative of g**3/6 + 21*g - 283. Suppose a = -3 - 0. Calculate q(a).
-3
Let n(j) be the first derivative of 2*j**2 - 1. Suppose 2*c = 3*r + 12, r = -4*c - 0*c - 4. Suppose -33 = 2*f - 5*l, 4*l + 9 - 29 = c. Give n(f).
-16
Let r(c) = 13*c - 51. Let t be r(6). Let a = t + -22. Suppose a*o = -5*k + 10, 2*k + 1 = 4*o + 5. Let j(y) = y**3 - 2*y - 1. Calculate j(k).
3
Let v(b) be the second derivative of -b**4/12 + 2*b**3/3 + 9*b**2/2 - b. Let n(o) = -o**2 - 28*o - 38. Let u be n(-27). Let h = -4 - u. Give v(h).
-12
Let a(v) = 7 + 0 + 10*v - 7 - 2*v**2 + 2. Let r be a(5). Let p(j) = 32*j**3 - r + 6*j - 5*j**2 + 0 - 33*j**3. Determine p(-6).
-2
Suppose 5*m = 3*j + 19, 87*j = 91*j - 2*m + 2. Let s(k) = 38*k**2 - 69*k**2 + 1 + 34*k**2. Give s(j).
13
Let f be (-14 - 286/(-13))/(1 + 0). Let s(x) be the first derivative of 0*x**2 + 26 - f*x + 1/3*x**3. Determine s(0).
-8
Let b(w) = w**3 + 9*w**2 + 9*w. Suppose 0 = -3*k - 5*v - 15, k - 15 = 5*v. Suppose 5*o + 3 = h - 33, -3*o - 2*h - 32 = k. Determine b(o).
-8
Let b(k) be the first derivative of -k**4/4 + 3*k**3 - 3*k**2 - 9*k - 1370. What is b(8)?
7
Let h(f) be the third derivative of f**4/4 - 131*f**3/6 + 12355*f**2. What is h(24)?
13
Let u(m) = -8*m - 41. Let t(v) = 11*v + 42. Let i(r) = 5*t(r) + 6*u(r). What is i(6)?
6
Let x = -6576 + 6567. Let h(g) = g**3 + 10*g**2 + 7*g - 9. What is h(x)?
9
Let r(w) be the first derivative of -w**4/24 - 2*w**3/3 + 15*w**2/2 + 47. Let u(o) be the second derivative of r(o). Give u(4).
-8
Let l(z) = z**2 - 19*z - 719. Let r be l(38). Let b(m) be the first derivative of 5/3*m**r - 1/4*m**4 + 8*m + 7 + 5/2*m**2. Give b(6).
2
Suppose -20*q + 16*q + 2*y - 74 = 0, -2*q = -2*y + 34. Let g(o) = -o - 40. Calculate g(q).
-20
Let l(b) be the third derivative of b**5/60 - 5*b**4/24 - 7*b**3/6 + 3*b**2 - 31. Let z = 28 - 23. Determine l(z).
-7
Suppose -8*b - 4*l + 5 = -3*b, -2*b + 2 = -5*l. Let j(r) = 6 - 191*r - r**2 - b + 195*r. Suppose 25 = d - 4*p, 0 = -5*d - 5*p + p + 5. Calculate j(d).
0
Let l(r) = r**3 + 2*r**2 - 2*r + 1. Let b be l(-3). Let c = 5 + b. Let d(f) be the first derivative of -2*f**3/3 + 2*f**2 - f - 36. Determine d(c).
-7
Let w(d) = -d**3 - 30*d**2 + 18*d - 24. Let b(x) = 15*x**2 - 9*x + 12. Let l(v) = 5*b(v) + 2*w(v). What is l(7)?
-2
Let f(m) = 11*m + 3. Suppose 580*b - 578*b + 4 = -4*d, -5*d = -b + 19. Determine f(d).
-30
Let b(z) be the third derivative of -2*z**3 + 1/12*z**4 + 0*z + 22*z**2 + 0. Give b(-9).
-30
Let w(x) = 4*x + 0*x**2 + 0*x - 8 + x**2. Let i(y) = -y**3 - 35*y**2 - 67*y - 25. Let u be i(-33). Let k = 2 - u. Give w(k).
4
Let h(o) = o**3 + 81 + 685*o**2 + 690*o**2 + 26*o - 67 - 1390*o**2. What is h(13)?
14
Suppose 0 = j - d - 13, 0 = -2*j + 5*d + 20 + 21. Let l be 3*5/(12/j + 0). Let v(k) = -l - 2127*k + 2126*k + 0. Determine v(-5).
-5
Let n(g) be the first derivative of 5*g**2/2 - 9*g - 2305. Determine n(-4).
-29
Let z(q) = 2*q**2 - 2*q - 124. Let a(o) = -o**2 + 21. Let v(t) = 3*a(t) + z(t). Determine v(0).
-61
Let l(o) = -10*o**3 - 41*o**2 - 10*o + 3. Let r(w) = -2*w**3 - 6*w**2 - w. Let c(f) = l(f) - 6*r(f). Calculate c(3).
0
Let f(t) = t**2 + t - 8. Suppose -5*u = 16*u - 7*u + 56. What is f(u)?
4
Let m be ((-6)/18)/((-5)/165). Let v(r) = -2*r - m + 4 + 1 + 7. Give v(7).
-13
Let y(u) = -u**3 - u - 1. Let s(w) = -4*w**3 + w**2 + w - 6. Let p = -563 + 564. Let q(d) = p*s(d) - 3*y(d). What is q(2)?
1
Let w be (-18)/4 - 1/2. Let c(f) = -10*f**2